 h.
2, 137
Let i(s) = -2*s**3 - 15*s**2 - 9*s - 8. Let d be i(-7). Suppose -19 - d = -5*k. What are the prime factors of k?
5
Let c(f) = 2*f**3 - 2*f**2 + f - 4. Let j be c(3). What are the prime factors of 640/14 + 10/j?
2, 23
Suppose 4*d + 4*k = 980, -14*d + 16*d + k = 494. What are the prime factors of d?
3, 83
Suppose -6*p + 50 = -p. Let c be -6*(-10)/(-1 + 3/(-3)). What are the prime factors of ((-8)/p)/(4/c)?
2, 3
Suppose 2*o - o = -1902. What are the prime factors of 1/3 + o/(-18)?
2, 53
Let a = 34 + 99. Suppose 2*b + 2 = 0, 14 = -5*x - b + 28. Suppose -5*y - x*h = -4*h - 199, 0 = 3*y - 4*h - a. List the prime factors of y.
3, 13
Let k(t) = -35*t + 55*t - 33*t - 8. What are the prime factors of k(-2)?
2, 3
Suppose 10 = -5*m, 1813 = a + 4*m - 3*m. List the prime factors of a.
3, 5, 11
Suppose -140*b = -584 - 2916. What are the prime factors of b?
5
Let x(u) = -u**3 - 9*u**2 - 16*u - 15. What are the prime factors of x(-9)?
3, 43
Let y(c) = 178*c**2 - 14*c + 11. Let s(m) = -119*m**2 + 9*m - 7. Let z(o) = -8*s(o) - 5*y(o). What are the prime factors of z(1)?
61
List the prime factors of (100/8)/(6/252).
3, 5, 7
Let k = 109 + -76. Let a = k + -30. What are the prime factors of (a - 5)*(-30 - -2)?
2, 7
Let l = -1203 + 1786. List the prime factors of l.
11, 53
Let l = 17 + -10. Suppose 189 = 4*u - d, 4*u = -5*d + d + 184. Let w = u + l. List the prime factors of w.
2, 3
Let n(o) = -17*o - 116. Let c be n(-6). Let f = -1 - 5. Let q = f - c. List the prime factors of q.
2
Let d be 23/(-2*(-2)/8). Let i = -68 + d. List the prime factors of -5*2/(20/i).
11
Suppose 2*h = -2*c + 10, 2*h + 2*c = 5*c + 10. Let p(w) = -4*w**2 - 5*w - 1. Let a be p(-1). Let g = h - a. What are the prime factors of g?
5
Let c(b) = -3*b**2 + 34*b + 12. Let v be c(15). Let z = v + 279. What are the prime factors of z?
2, 3, 7
Let m be (-41104)/(-84) + 1/(-3). Let t = -311 + m. List the prime factors of t.
2, 89
List the prime factors of (2152/(-10))/((-12)/30).
2, 269
Let b = 1042 + 57. What are the prime factors of b?
7, 157
Let h = 278 + -179. Suppose 0 = 2*v + v + h. What are the prime factors of 2/(-11) + (-204)/v?
2, 3
Let k be 0 - ((-4)/(-8)*0)/2. Suppose 7*m - 5*m - 118 = k. List the prime factors of m.
59
Suppose 3*g = -0*g - 339. Let c = -70 - g. List the prime factors of c.
43
Let g(m) be the third derivative of -49*m**6/120 - m**5/30 - 5*m**4/24 - 2*m**3/3 + 2*m**2. Let c be g(-2). What are the prime factors of (2/3)/(4/c)?
5, 13
Suppose 4595 = 124*g - 119*g. List the prime factors of g.
919
Let v be (-483)/(-6) - 5/(-10). List the prime factors of (2 + -4 + (0 - -4))*v.
2, 3
Suppose 3*g - 9 = -p + 6*p, -5*g + 15 = 0. Suppose p = -s + 52 - 21. What are the prime factors of s?
31
Let k(h) = h**3 + 11*h**2 + 13*h + 35. Let o be k(-10). Suppose -4*w + 20 = s - 160, -w = -o*s + 900. What are the prime factors of s?
2, 3, 5
Let l(v) = -4*v + 1. Let w be l(-1). Suppose 2*y - 3 = 2*q + w, 2*y - 4 = -2*q. Suppose -45 - 6 = -y*t + f, -5*t - 4*f = -85. List the prime factors of t.
17
Let a(d) = 2*d + 17. Let g(n) = 3*n + 26. Let l(i) = -8*a(i) + 5*g(i). Let v be l(-11). List the prime factors of -20*(3 - 21/v).
2, 3
Let g(o) be the second derivative of o**4/6 + 11*o**3/6 + o**2/2 + 18*o + 3. Suppose -5*a = -0*a + 45. List the prime factors of g(a).
2
Suppose 5*u + 115 = 6*u - 5*s, 4*s = -5*u + 604. List the prime factors of ((-12)/10)/((-16)/u).
3
Let w(f) = 7*f - 3. Let p be w(4). Suppose y = -9 + p. What are the prime factors of 4/y + 94/8?
2, 3
Let t(d) be the third derivative of -d**4/2 - d**3 - 6*d**2. Let x be t(-5). Suppose 5 = a, f - x = -a - 14. What are the prime factors of f?
5, 7
Let n = -3 - -35. Suppose x = -2*t - 6 + n, 2*t = x - 18. What are the prime factors of x?
2, 11
Suppose z = -3*t + 978, -4*z + 652 = 2*t - 5*z. List the prime factors of t.
2, 163
List the prime factors of (-24)/(-18)*84 - (-4 - -2).
2, 3, 19
Suppose l - 4 = 0, a + 0*l = 2*l - 4. Suppose -5*t + 5 = -a*t. Suppose -3*o = -4*c - 50, -60 = -3*o - 2*o - t*c. List the prime factors of o.
2, 7
Suppose -5*z + 3*g - 9 = 0, 3*g + 7 - 16 = 0. Let d(u) = u**2 + u. Let w be d(1). Suppose z = w*o - 30 - 36. What are the prime factors of o?
3, 11
Suppose 0 = 58*w - 54*w. Suppose 2*a = -w*o - o + 138, -255 = -2*o + 3*a. List the prime factors of o.
2, 3, 11
Suppose 4*z = 4 + 12. Let r = 1 + z. Let j(v) = 5*v - 2. What are the prime factors of j(r)?
23
What are the prime factors of (-3)/(-18) - (-6 - 35547/18)?
7, 283
Let h = 43 - -53. Suppose -3*n - 24 = -h. What are the prime factors of 812/15 - n/180?
2, 3
Let o(z) be the second derivative of -z**5/20 + 2*z**4/3 - 5*z**3/6 - 3*z**2/2 + z. Let f = 44 - 37. List the prime factors of o(f).
11
Suppose -r + 194 + 200 = 0. What are the prime factors of r?
2, 197
Let d be (-42)/1*(0 + -1). Suppose -d = -3*i + 48. List the prime factors of i.
2, 3, 5
Let g(t) = -11 + 4*t + 15*t**2 + 16 + 0*t - t**3. List the prime factors of g(15).
5, 13
Let n(u) = u**2 - u - 2. Let o be n(3). List the prime factors of ((-9)/(-6))/(o/80).
2, 3, 5
What are the prime factors of (263 + 0)*((-32)/(-4) - -3)?
11, 263
Let i = -4 + 12. Let g(n) = n**2 - 7*n - 3. Let m be g(i). Suppose -3*a + 26 = 3*u - 34, m*a = 3*u - 60. What are the prime factors of u?
2, 5
Suppose -3*x + 5*z = 19 - 61, -5*x - 3*z + 36 = 0. Suppose 2*s - 7*s = -65. Let t = s - x. What are the prime factors of t?
2
Suppose -7*i + 57 = -4*i. Suppose -i*t + 14*t = -580. What are the prime factors of t?
2, 29
Let l = -330 + 2868. List the prime factors of l.
2, 3, 47
Suppose -3*j + 4*j - 2 = 0. Let l(b) = 13*b**2 + 2*b - 1. Let f be l(j). Suppose 5*m - f - 10 = 0. List the prime factors of m.
13
Let l = -13 - -38. Suppose -l = -4*m + 19. Let j(k) = k + 14. List the prime factors of j(m).
5
List the prime factors of -1 - -3 - (-700 + (-8)/2).
2, 353
Suppose 0 = -c - 29. Suppose 2*l + 31 - 65 = 0. Let q = l - c. What are the prime factors of q?
2, 23
Let b = 166 - 101. Suppose 35 = 5*p - b. What are the prime factors of (-4)/p - 288/(-15)?
19
What are the prime factors of 44800/19 + 50/475?
2, 3, 131
Let l(v) = -24*v**3 - 4*v**2 - 9*v. List the prime factors of l(-3).
3, 71
Suppose 2*t + 3*c = 658, 5*c + 638 = 2*t + 3*c. What are the prime factors of t?
17, 19
Let v be (-4)/(-16) - 15/(-4). Suppose 0*a - v = 2*a. List the prime factors of (2 + (-106)/4)*a.
7
Let o(g) be the second derivative of -g**3/6 + 3*g**2 + g. Suppose 2*m + m = 2*a - 20, -7 = 2*m + 5*a. List the prime factors of o(m).
2, 3
Suppose 8 = -0*x + 2*x + h, -x + 4*h + 13 = 0. What are the prime factors of (112/x)/(-7)*-50?
2, 5
Let n(p) = p**2 + 10*p + 8. Suppose 2*r = -2*k - 28 - 4, 3*r = -4*k - 60. List the prime factors of n(k).
2
Let r = -13 + -1. List the prime factors of (-956)/(-14) - (-4)/r.
2, 17
Let r(j) = -j**3 - 16*j**2 - 16*j - 14. Let a(x) = -13*x - 2. Let t be a(1). Let z be r(t). Let l = z + 4. List the prime factors of l.
5
Let t(r) = 2*r**3 - 2*r - 4. Suppose -3*b = -3*w, -2 = -3*w + 5*b - 10. What are the prime factors of t(w)?
2, 29
Let f(z) = z**3 - z**2 - 2*z + 2. Let n be f(2). Suppose 2*m + 2*m + n*x = -92, -4*m = -x + 104. Let w = 2 - m. What are the prime factors of w?
3
Let k(v) = -2*v + 24. Let a be k(10). Let b(w) = -w**3 + 5*w**2 - 3. Let o be b(a). Suppose 3*n = 4*n - o. What are the prime factors of n?
13
Let t(s) = -15*s**3 - 3*s**2 + 3*s - 4. Let j be t(-3). Suppose 3*b - j = -2*b. Let h = b + -48. What are the prime factors of h?
5
Suppose 0 = -5*b + 4*v + 953 + 1342, -4*v + 1800 = 4*b. What are the prime factors of b?
5, 7, 13
Suppose -u = 3*u - 8. Suppose 0 = u*t - 16 + 4. Let b = t - -1. List the prime factors of b.
7
Suppose -13*j + 3185 = -6*j. What are the prime factors of j?
5, 7, 13
Suppose 28*h = 33*h - 75. Let f = -13 + h. What are the prime factors of f?
2
Let q be 2/3 - 95/(-15). Suppose 384 = 10*c - q*c. List the prime factors of c.
2
Suppose 344 = 9*g - g. Let f(u) = u**2 - 7*u - 8. Let m be f(-6). Let d = m - g. List the prime factors of d.
3
List the prime factors of 3 - -1 - (5112/(-6) + 7).
3, 283
Let u(h) = -2 - 12*h**2 - h + 4*h + 3. Let n be u(3). Let v = -43 - n. List the prime factors of v.
5, 11
Suppose -668 = 12*i - 14168. What are the prime factors of i?
3, 5
Let i(a) = -2*a**2 - 42*a